e y(g). Let r(v) = v**2 + 5*v + 4. What is r(t)?
-2
Let z(l) = l**3 + 6*l**2 + 4*l - 4. Let h be 4/3 + (-323)/51. What is z(h)?
1
Let r(j) = -j**2 + 4*j + 1. Let l be (-9)/4*(-72)/(-27). Let v(b) = 9*b + 2 - 2*b**2 + 0*b + 0*b. Let p(n) = l*v(n) + 13*r(n). Give p(-4).
-7
Let k(p) = -2*p + 9. Let z(a) = -4*a + 16. Let c(v) = 5*k(v) - 3*z(v). Let m = -7 - -11. Calculate c(m).
5
Let o be -1 + -1 + 0 + 4. Let q(n) = 4*n - 7 - n - n**o + 3*n. Let b(i) = 2*i - 13. Let m be b(9). Determine q(m).
-2
Let y(i) = -i**3 - i + 6. Let d be y(0). Let s(q) = -q + 2. Determine s(d).
-4
Let m(o) = -4*o + 6. Let w = -4 + 12. Let i(b) be the first derivative of 11*b**2/2 - 17*b + 1. Let r(z) = w*m(z) + 3*i(z). Determine r(0).
-3
Let n(o) be the second derivative of -5*o**4/12 + o**3/6 - o**2/2 + 2*o. Determine n(2).
-19
Let j(u) be the second derivative of u**3/6 - 3*u**2/2 - 13*u. Suppose -3*s = -0*s. What is j(s)?
-3
Suppose -30 = 3*d + 3. Let m(h) = h**2 - 9*h - 2. Let u(x) = -3*x**2 + 26*x + 6. Let c(s) = d*m(s) - 4*u(s). What is c(4)?
-6
Let q(k) = -k**3 - k**2 + 3. Let u(f) = 4*f + 20. Let a be u(-5). Determine q(a).
3
Let r = -5 + 3. Let i = -1 - r. Suppose i = -t - 0. Let q(s) = -7*s**3 + s. Determine q(t).
6
Let p(d) = 9 - 5*d - 3*d**2 - 2 + 2*d**2. Suppose -38 + 2 = 6*c. Calculate p(c).
1
Let m(d) = -6*d - 1. Let g(w) = w**3 + 13*w**2 - 13*w + 13. Let o be g(-14). Give m(o).
5
Let k(n) = -9*n**2 + 2*n - 1. Let m(z) = z**3 + z**2 + 2. Let v be m(0). Suppose -11 = y + 4*x, -3*y + x = -4 - v. Calculate k(y).
-8
Suppose -2*v - 3*v - 5 = 0, -31 = -5*i + v. Let f(n) = -n**2 - 6*n + n**3 + 0 - 4*n**2 - 8. Calculate f(i).
-8
Let h(z) be the first derivative of -z**2/2 + 10*z - 1. Let v be h(8). Let t(x) = -6*x - x**3 + 4*x**2 + 1 + v*x**2 + 4. Give t(5).
0
Let r(d) be the first derivative of d**2 - d - 20. Determine r(1).
1
Suppose 0 = -0*y - 2*y. Let n(i) = -3*i**2 + 5*i + 5. Let a(q) = -5*q**2 + 8*q + 7. Let t(b) = -5*a(b) + 8*n(b). Calculate t(y).
5
Suppose -o + 5 = v, -o - 5 = -v + 2. Let h(q) be the first derivative of -2*q**3 + q**2 + q + 2. Let c(l) = -l**2 - l. Let b(r) = -5*c(r) + h(r). Give b(v).
7
Let u = -1 - -1. Suppose z = -1, -5*b - 4*z - 1 = -7. Suppose -b*h - h = u. Let o(n) = n**3 - n**2 - n + 6. What is o(h)?
6
Let w be 1 + 2 + (0 - -1). Let q(d) = d**3 - 3*d**2 + d - 5. Calculate q(w).
15
Let d(i) = i + 5*i + 0*i**2 - 5*i**2 + 6*i**2 - 3. Calculate d(-6).
-3
Let a(n) = n + 7. Let j be a(-5). Suppose j*f - 1 = g - 0, -5*g + 5*f + 5 = 0. Let x(y) = -y**3 + 3*y**2 - 2*y + 4. Calculate x(g).
-2
Let v = 4 + -10. Let z(q) = -q**3 - 6*q**2 + 2*q + 6. Determine z(v).
-6
Let j(i) = 2*i**2 - i - 1. Suppose -v + 0*v = -3. Let c be (-3 - (-1 - -2))*-1. Suppose c = -q + v. Determine j(q).
2
Let l(r) = 11*r**3 - 2*r**2 + 1. Let y = -3 + 8. Suppose -3*m + 5 = y*f, -4*m + 0 = -2*f + 2. What is l(f)?
10
Suppose 1 - 4 = -a. Let l(i) = -3 + 1 - a*i + 3. What is l(2)?
-5
Let y = 38 + -42. Let r(l) = -l**3 - 5*l**2 - 7*l - 4. Calculate r(y).
8
Let s = 8 - 13. Let a(o) be the first derivative of 5/2*o**2 + 3 + 1/3*o**3 - 4*o. Calculate a(s).
-4
Suppose 0 = -2*w + 4, 3 = -4*n + 3*w - 3. Let a = -3 + 6. Let y(g) = a*g**3 + 0*g**3 - 4*g**3 + 1 + g. Give y(n).
1
Let w(n) be the first derivative of 12*n + 4 + 1/2*n**2. What is w(-5)?
7
Let o(f) = f**3 - 7*f**2 + 8*f - 8. Let p be o(6). Let x be (2/p)/(4/(-16)). Let b(m) = -3*m**2 - 4*m - 3. What is b(x)?
-7
Let z be (-8)/(-6) + (-2)/(-3). Let g be (-14)/(-4) - z/(-4). Suppose -g*j - 7 = -l, -5*l = 3*j - j + 31. Let q(c) = c + 5. Give q(l).
0
Let q = 43 + -44. Let p(x) be the second derivative of 0*x**2 - 2/3*x**3 + 2*x + 0. Calculate p(q).
4
Let o(q) = 12*q**2 + 2*q + 1. Let k(v) = -v**2 - 3*v - 4. Let a be k(-3). Let c be (0/(a - -1))/(-1). Suppose c = -3*y - 2 - 1. What is o(y)?
11
Let i = -10 + 20. Suppose -10 - i = -5*h. Let p(v) = 4*v - 5. Calculate p(h).
11
Suppose 0 = 10*a - 7*a - 6. Let j(g) = 3*g**2 + 8*g. Let r(h) = h**2 + h + 1. Let n(z) = a*r(z) - j(z). Give n(-7).
-5
Let j be 0 - 7/(21/12). Let g(x) be the second derivative of -2*x**3/3 - 5*x**2/2 + 2*x. Calculate g(j).
11
Let l(z) be the first derivative of -z**3/3 - 3*z**2 + 7*z - 3. Suppose 3*t + t = -24. Give l(t).
7
Let z = 2 - -1. Let w(n) = z + n - 3. Calculate w(2).
2
Suppose -2*j - 20 = 2*j. Let o(m) be the second derivative of 4*m + m**2 + 0 + 1/6*m**3. Determine o(j).
-3
Let d = -8 + 5. Suppose -2*b = 3*z - 7, 0 = 2*b - 2*z - 2*z + 14. Let p(o) = -o + 1. Let s(n) = -2*n + 8. Let j(v) = b*s(v) + 3*p(v). Give j(d).
-2
Let m(r) be the second derivative of -2*r + 0 + 7/2*r**2 + 7/6*r**3 + 1/20*r**5 + 7/12*r**4. Determine m(-6).
1
Let x(m) = -4*m - 2*m**2 - m + 3 - 2*m**2 + 3*m**2. Let n be (1 - 2)*(-30)/(-5). Determine x(n).
-3
Let w(q) = -q**3 - 4*q**2 - q - 5. Suppose v - 2*d + 2 = -2*v, -5*v + 4*d = 0. Determine w(v).
-1
Suppose y + 4 = 9. Let v(w) = 4*w**2 - w. Let f(g) = 7*g**2 - 3*g - 1. Let m(a) = -3*f(a) + 5*v(a). What is m(y)?
-2
Let o(k) = 5*k**2 + 15*k. Let y(z) = z**3 + 5*z**2 + z - 5. Let m be y(-4). Let c(n) = -2*n**2 - 7*n. Let q(g) = m*c(g) + 3*o(g). Determine q(3).
-3
Let q(n) be the first derivative of 1/20*n**5 + 1/3*n**3 - 2*n**2 + 2 + 0*n - 1/6*n**4. Let y(l) be the second derivative of q(l). Calculate y(2).
6
Let d(g) = g + 4. Let a be d(-2). Let p(j) = -j**3 - j**2 - j - 1. Let v(l) = 3*l**3 + 4*l. Let b(f) = a*p(f) + v(f). Calculate b(2).
2
Let v be 1*7/(21/6). Suppose -3*o = -6*o. Let s(n) = -n + o*n - 3 + 2 + v*n. What is s(4)?
3
Let r(x) be the third derivative of 0*x**3 + 0*x + 1/12*x**4 + 1/30*x**5 + 3*x**2 + 0. Let c be r(-2). Let j(o) = 2*o - 2. What is j(c)?
6
Let l(m) = -m**2 - 10*m - 5. Let k be l(-10). Let g(u) = -u. What is g(k)?
5
Let g(d) be the second derivative of d**5/20 + d**4/4 - 5*d**3/6 - 8*d. Give g(-4).
4
Let b(w) = 5*w + 17. Let c be b(4). Let r(i) = c - i**2 + 3*i + i**2 - 38 - i**3. Let g be (-1 - 1)/(1*-1). What is r(g)?
-3
Let f(j) = -2 + 2*j - 5*j + 5*j**2 - j**3 + j. Let q(h) = h**2 + 4*h - 1. Suppose 2*l + l + 14 = t, -t - 1 = 0. Let i be q(l). Give f(i).
6
Let o(g) = -2 - g + 0*g + 2*g. What is o(-3)?
-5
Let t(d) be the third derivative of 0*d + 0 + 3*d**2 + 0*d**3 + 1/15*d**6 + 0*d**4 + 0*d**5. Determine t(1).
8
Let r be ((-30)/9)/(1/(-3)). Suppose 2*w - 4*w = r. Let n(g) = -g. Let q(d) = -5*d + 3. Let k(x) = 6*n(x) - q(x). Give k(w).
2
Let h(z) = z - 4. Let i(n) = -10*n + 13. Let o be (14 - 2)*(-1)/(-2). Let t(x) = -x. Let y(u) = o*t(u) - i(u). Let m(l) = 7*h(l) - 2*y(l). Calculate m(3).
-5
Let a(i) = i**2 - 3*i - 5. Let l(o) = 3*o**2 - 6*o**2 + 5 - 4*o + 4*o**2. Let v be l(4). Determine a(v).
5
Let m(v) = 3*v + 6. Let u be 5 - 9/(-3) - 1. Let h = -11 + u. Determine m(h).
-6
Suppose 5*r + 3 = 2*o + 29, 0 = 4*o + 2*r + 28. Let m be 1/4 + 2/o. Let n(u) = -u + 4. What is n(m)?
4
Let y = 3 - 0. Let j(f) = 2 + 0*f + y*f - 1. What is j(-1)?
-2
Let t(n) = n - 7. Let d(x) = -10*x + 22. Let u(h) = -3*h + 7. Let o(f) = -4*d(f) + 14*u(f). Let z(g) = 5*o(g) + 7*t(g). Suppose -1 = w - 0*w. Determine z(w).
4
Let i(x) = 6 - 2 + 6 - x - 2. Calculate i(7).
1
Suppose 0*o + 4*o = 16. Suppose 0 = -o*a + a + k - 6, 2*a = 4*k - 14. Let g(z) = 2*z - z**3 + 1 - 4*z**3 - z. Calculate g(a).
5
Let r(w) = w**3 - w + 1. Let v(f) = -7*f**3 + 8*f**2 - 2*f + 4. Let k(g) = 6*r(g) + v(g). What is k(7)?
3
Let m be (8/6)/(30/135). Let x(i) = i - 9. Let q(k) = -1. Let s(w) = -3*q(w) + x(w). Calculate s(m).
0
Suppose 0 = -2*k - 2, k = -4*g + 2*k + 13. Let v(b) = b - 4*b**2 - 10*b - 2 + 5 + b**3 + 12*b. What is v(g)?
3
Suppose 3*y + 9 + 9 = 0. Let f(q) = -2*q - 6. Determine f(y).
6
Let w be 8/20 - 56/(-10). Let j(h) = -h**2 + 0 + 0 + 6*h - 3. Give j(w).
-3
Let t = 0 + 1. Let j(u) = -6*u**2 + 5*u + 12. Let s(w) = -6*w**2 + 4*w + 10. Let k(a) = -5*j(a) + 6*s(a). Give k(t).
-7
Let x(s) be the second derivative of 0*s**3 - 1/2*s**2 + 4*s + 7/12*s**4 + 0. Calculate x(1).
6
Suppose 3*k - 5*k = 6. Let s(f) = -f**2 - 4*f - 4. Give s(k).
-1
Let s(p) be the third derivative of -p**6/120 + p**5/20 - p**4/8 + 6*p**2. Give s(2).
-2
Let y(k) be the second derivative of k**4/12 - k**3/3 - k. Let z be y(2). Let o(a) = -a**3 + 1. Give o(z).
1
Let n(c) = 3*c**2 - 3*c + 1. Let o(a) = 4*a**2 - 2*a + 1. Let l = 0 - -3. Let x(q) = l*n(q) - 4*o(q)